 = 9*y - 861. What is the greatest common factor of y and i?
29
Suppose 24 = 3*n - n - 4*s, -5*n + 3*s = -53. What is the greatest common divisor of 65 and n?
5
Let q = -185 - -246. What is the highest common divisor of q and 915?
61
Suppose -4*l = -14*l + 110. What is the greatest common factor of 517 and l?
11
Let q = -66 - -125. Suppose 3*c - 2*l - 39 = l, -3*c - l + q = 0. Calculate the greatest common divisor of c and 6.
6
Let g be (0 + 20/8 + -4)*-20. Calculate the greatest common divisor of g and 170.
10
Let s = -577 + 628. What is the greatest common divisor of 85 and s?
17
Let s(n) = -23*n - 192. Let l be s(-9). Let h be 24*10/(0 + 2). Calculate the greatest common divisor of l and h.
15
Let z = 3264 - 2146. What is the greatest common divisor of z and 26?
26
Let r be (5 - (-4 - -5))/((-1)/(-16)). Calculate the highest common divisor of 416 and r.
32
Suppose 3*x = 5*o - 90, -3*o - 4*x + 38 = 13. Suppose 0 = k + k - 8, 5*k = -2*l + 14. Let z = o + l. What is the greatest common factor of z and 12?
12
Suppose -4*p - 3*l + 17 = 0, 3*p + 3*l = 9 + 6. Let f be (2 - 172)*1/(p + -4). Calculate the highest common factor of 34 and f.
17
Suppose -477 = -73*r + 4998. Suppose -4*f + 4*z = -92, -3*f + 2*z + 0*z = -71. Calculate the greatest common factor of f and r.
25
Let m be (-96)/(-52) - (-4)/26. Let c = -7 - -10. Suppose -o + 3*d + 22 = 0, -4*d + c*d - 82 = -5*o. What is the greatest common divisor of o and m?
2
Let f = 366 + -288. Calculate the highest common factor of 104 and f.
26
Let s(u) = 37*u**2 + 8*u - 5. Let t be s(-3). What is the greatest common factor of 48 and t?
16
Let x(q) = -q**3 + q**2 + q + 132. Let s be x(0). Suppose 0 = -4*p + p + s. Let n = 116 + -50. What is the highest common divisor of p and n?
22
Suppose -2*x + 3*q + 17 = 0, 2*q - 47 = -5*x + 5. Let o = x + 6. Suppose 5*z + o = 9*z. What is the highest common divisor of 4 and z?
4
Let s = 6 - 4. Let y(z) = -8 + 3 + z + 0. Let r be y(7). What is the greatest common factor of r and s?
2
Let l(h) = 98*h - 178. Let k be l(3). What is the greatest common divisor of k and 203?
29
Let n = -531 + 125. Let d = 7 + -294. Let k = d - n. What is the highest common factor of k and 17?
17
Suppose w = -4*n + 400, -3*n - 50 = -3*w + 1210. Calculate the greatest common divisor of 32 and w.
32
Suppose 2*v = 4 + 2. Let x(w) = w - 60. Let g(a) = 3*a - 121. Let b(d) = v*g(d) - 7*x(d). Let p be b(0). What is the highest common divisor of p and 19?
19
Let k = 287 + -62. Calculate the highest common factor of 90 and k.
45
Let z(p) = -p**2 - 12*p - 9. Suppose -2*j + 55 = -7*j. Let n be z(j). Suppose 0 = -2*v + n - 0. What is the highest common divisor of 10 and v?
1
Let t(b) = b**3 + 5*b**2 + 3*b + 5. Suppose -5*x - 21 + 1 = 0. Let q be t(x). Let k be 1*-9*(-9 + 0). Calculate the greatest common factor of k and q.
9
Suppose 6 + 1 = -s. Let v = -130 + 128. Let a = v - s. What is the greatest common divisor of a and 35?
5
Let y = 615 + -435. Calculate the greatest common divisor of y and 27.
9
Let m be (-54)/(-4) + 3/6. Suppose 5*g - 3*t = -15, 2*t - 4 = 2*g + 6. Let z = 126 - g. Calculate the highest common factor of m and z.
14
Suppose -457 - 99 = -26*p + 380. Let w(t) = -4*t + 2. Let y be w(-4). Calculate the highest common divisor of p and y.
18
Let l(f) = f**2 + 10*f - 33. Let m be l(-14). Let k(n) = -3*n**2 - 2*n + 2. Let g be k(-3). Let d = g + m. What is the highest common factor of 4 and d?
4
Let h(a) = 153*a + 22. Let c be h(1). What is the greatest common divisor of c and 140?
35
Suppose 8*s = a + 3*s - 18, -4*a = -4*s - 24. Let p = 17 - a. Calculate the highest common divisor of p and 2.
2
Suppose 2221 = -10*d + 10741. Calculate the greatest common factor of d and 12.
12
Let z = 104 - 14. Let b = -199 + 202. Suppose 0 = -m - 3*m + 3*k + 37, b*m - 2*k = 28. What is the greatest common factor of z and m?
10
Suppose -201 = -4*h - 3*k + 210, h - 114 = -3*k. Suppose -h*w = -103*w + 64. What is the highest common divisor of 4 and w?
4
Suppose -69 = -3*m - 2*x, -142 = -5*m + 5*x - 27. Calculate the greatest common divisor of 1 and m.
1
Suppose -5*q = t - 24, q - 9 = 5*t + 1. Calculate the greatest common divisor of 26 and q.
1
Let k(v) = 51 - 45 - 3*v + 4*v**2 + 0*v. Let f be k(3). Calculate the greatest common divisor of f and 22.
11
Let u = 5 + 90. Suppose -5*c + u = -5. What is the highest common factor of 160 and c?
20
Let y(a) = 2*a**3 + 2*a**2 - 1. Let x be y(-1). Let g be x/(-5) - 656/(-20). Let z = g + -21. Calculate the highest common divisor of 96 and z.
12
Suppose -68 = -4*b + 4*q, 4*b - 5*b = 2*q - 5. Calculate the highest common divisor of 403 and b.
13
Suppose 8*z - 361 = 791. Calculate the greatest common divisor of 32 and z.
16
Let w = 183 + -161. Calculate the greatest common factor of w and 22.
22
Let t(a) be the first derivative of -5*a**2 + 2*a - 20. Let y be t(0). What is the highest common factor of 3 and y?
1
Let y = -8 - -2. Let m(i) be the second derivative of -i**4/12 - 4*i**3/3 + 2*i**2 + 3*i. Let q be m(y). What is the highest common factor of q and 80?
16
Let s(u) be the third derivative of u**6/120 - 3*u**4/8 + 5*u**3/6 - 5*u**2. Let k be s(5). What is the highest common factor of k and 34?
17
Let a be 2 + -2*(-145)/(-10). Let w = a - -65. What is the greatest common factor of 19 and w?
19
Let l be 6*((-28)/(-8))/1. Suppose 0 = -l*t + 19*t + 24. Suppose -t - 4 = -k. Calculate the highest common divisor of 4 and k.
4
Let f = -6 - -6. Suppose f = 3*z - 15, 4*k + 5*z - 69 = 4*z. Suppose 3*t - 5*o + 7 - 19 = 0, -4*t = o - k. What is the highest common factor of 28 and t?
4
Suppose -19677 = -34*z + 19797. Calculate the greatest common divisor of 43 and z.
43
Let l be (-1 + -2)/(7 + (-188320)/26896). Calculate the highest common factor of l and 41.
41
Let u be -44*((-49)/(-14))/(-7). Calculate the greatest common factor of 506 and u.
22
Let j be (-2)/(-8) + 129/12. Let w(z) = z**3 + 1. Let o be w(0). Let f = j + o. Calculate the highest common divisor of 48 and f.
12
Let l(v) = -191*v - 3. Let y be l(1). Let j be y/(-6) - (-2)/3. Calculate the greatest common divisor of j and 165.
33
Let t be 315 - (-4 + 2) - (1 + -2). What is the highest common divisor of 212 and t?
106
Let d(g) be the third derivative of -7*g**4/24 + 7*g**3/6 - 3*g**2. Let n be d(-12). Suppose 5*u - 19 = n. What is the greatest common factor of 2 and u?
2
Suppose -49*j + 31*j = -3402. Calculate the highest common factor of 14 and j.
7
Let y be ((-11)/33)/(2*1/12). Let i be 13/2*y*4/(-2). What is the highest common factor of i and 39?
13
Let j(t) be the third derivative of t**5/60 + 7*t**4/24 - t**3/3 + 7*t**2. Let a be j(-9). What is the highest common divisor of a and 16?
16
Let i = -3180 + 3212. Calculate the greatest common factor of 424 and i.
8
Let n = -44 - -74. What is the greatest common factor of 230 and n?
10
Suppose 50 = 3*m - 5*j, j - 14 = 43*m - 44*m. Suppose 4*o + 0 = 12. Calculate the greatest common factor of o and m.
3
Let l(y) = 6*y - 8. Let x be l(3). Suppose -3*q - 4 + 16 = 0. Let f be (0 - 1)*-1*q. Calculate the highest common divisor of x and f.
2
Let d(t) = 7*t - 4. Suppose 8 + 0 = 2*a. Let b be d(a). Suppose -17*z + 15*z + 4*n - 4 = 0, -n + 5 = 0. What is the highest common factor of b and z?
8
Suppose 32 = 3*h - h. Let c(y) = -11*y + 102. Let x be c(9). Suppose -31 + x = -7*v. What is the greatest common factor of h and v?
4
Let s be 8 - 1/(-2)*0. Let m be (35 - 17)*4/6. Calculate the greatest common factor of m and s.
4
Suppose -6*i + 6 = -5*i. Let m be (i/9 - -2)*108/8. What is the greatest common divisor of m and 144?
36
Suppose 0 = -4*v + 5*b + 945, -b - 902 = -3*v - 185. Calculate the highest common factor of v and 160.
80
Suppose -3*q - 9 + 18 = 0. Suppose -q*k + 54 + 24 = 0. Calculate the highest common divisor of k and 78.
26
Let g be (6 - 4) + -3 + 2. Let q be (-16)/(-6)*3 - g. What is the highest common divisor of 63 and q?
7
Let p(f) = 2*f**2 - 11*f + 14. Let q(i) = i**2 - 8*i - 3. Let t = 23 - 14. Let k be q(t). Let n be p(k). Calculate the greatest common factor of 5 and n.
5
Suppose 5*o = 745 + 80. What is the highest common divisor of 55 and o?
55
Suppose 0 = 2*z + l - 116, 4*z - 69 - 179 = 2*l. Calculate the highest common divisor of 60 and z.
60
Let d